*(-6)/(-2). Suppose 0 = -3*p + b + 103. What is the highest common divisor of p and 115?
23
Let o = 31 - 29. Let g be 32/24*(-21)/(-4). What is the greatest common factor of g and o?
1
Suppose 152*t - 64*t = 40040. What is the greatest common divisor of t and 5?
5
Let f = -220 - -275. Calculate the greatest common divisor of f and 165.
55
Suppose 0*j - 3*j = -660. Suppose 3*a = -a + j. Calculate the greatest common divisor of a and 5.
5
Suppose 27*k - 33*k + 510 = 0. Let z(s) = -4*s**3 + 2*s**2 + 3*s. Suppose -2*x - 1 - 3 = 0. Let y be z(x). Calculate the greatest common factor of y and k.
17
Let y be 42/15*(1 + 4). Suppose -u - 3*h = -2*u + 110, -u + 4*h + 114 = 0. What is the greatest common divisor of u and y?
14
Let y(q) be the third derivative of q**5/60 + 7*q**4/24 + q**3 + 12*q**2. Let j be y(-8). What is the highest common divisor of 21 and j?
7
Let b be -3*(9 + (-3468)/18). Calculate the highest common factor of 58 and b.
29
Let l be (-3)/(((-2)/10)/((-10)/75)). Let s be (l + -19)*(-4 + -5). What is the greatest common divisor of s and 21?
21
Let z be ((-10528)/(-1008))/((-2)/(-9)). Calculate the highest common divisor of z and 517.
47
Let r = -105 - -106. Let h be -4 + -2 + (79 - r). What is the greatest common factor of h and 8?
8
Let l be 1/(-2)*(-1 - 1). Let q = -233 + 254. Let h = q + l. Calculate the highest common divisor of h and 2.
2
Let i be 8/10*10/(-4). Let d be (4 - 0)/(i/(-26)). Suppose 0 = -5*b - d + 127. Calculate the greatest common divisor of b and 15.
15
Let q be ((-1058)/(-8))/((-49)/(-784)). What is the highest common factor of 92 and q?
92
Suppose 21*j - 1080 = 12*j. What is the highest common divisor of 45 and j?
15
Let c be (-12)/(-16) - 13/(-4). Let i(h) = 2 - 1 - 4 - c*h**2 - 11*h + h**3. Let j be i(6). Calculate the highest common divisor of 24 and j.
3
Suppose -53*f = -35*f - 900. Calculate the greatest common factor of f and 550.
50
Suppose 2*h - 27 = -3*m, -4*m - h + 6*h = -36. Calculate the greatest common factor of 819 and m.
9
Suppose 711 = 3*r + 4*o, -4*r + 0*o = 3*o - 948. Suppose -273 = -5*j + r. Calculate the greatest common factor of j and 34.
34
Suppose -369 = -8*w + 207. Let g = w + -22. Calculate the highest common factor of g and 10.
10
Let z(t) = 8*t + 4. Suppose 3*o + 5 - 14 = 0. Let f be z(o). Calculate the highest common divisor of 14 and f.
14
Suppose -2*g = -2*w + 110, 5*g - 61 = 43*w - 44*w. Let j = 71 + 69. What is the greatest common factor of j and w?
28
Suppose 4*j - 4*f - 1319 = -7*f, 2*j + f - 661 = 0. What is the greatest common factor of 166 and j?
166
Suppose -7*h = -5*h + 66. Let a = 57 + h. Suppose 3*q + 21 = 69. Calculate the greatest common divisor of a and q.
8
Suppose -3*z + 5*y - 199 = z, 2*z + 5*y + 137 = 0. Let x = -49 - z. What is the highest common divisor of x and 49?
7
Let y be 3 - (-432)/40 - 8/10. Calculate the highest common divisor of 143 and y.
13
Suppose 3*q + 41 = 44. Let g(w) = 21*w**3 - 2*w**2 + 1. Let v be g(q). Calculate the greatest common divisor of v and 10.
10
Let k = 39 - -66. Let m = 76 + -55. Calculate the highest common divisor of m and k.
21
Let x be 4/(-20) - (-22)/10. Suppose 0 = -x*o, -687 = -3*n - 5*o - 66. Calculate the highest common divisor of 23 and n.
23
Let r be 730 + (8 - (-50)/(-5)). What is the greatest common divisor of 56 and r?
56
Suppose -u + 0 = -4. Let g = u - 4. Suppose -5*a + z + g*z + 381 = 0, 71 = a + 5*z. What is the greatest common divisor of 19 and a?
19
Let t(r) = 2*r**2 + 5*r + 10. Let p be t(-4). Suppose -210 = 19*d - p*d. Calculate the highest common factor of 14 and d.
14
Let p(i) = i - 15. Let k be p(17). Let w be (k/3)/((-2)/(-3)). Let o be 15/(w + -6) + 10. What is the greatest common factor of 77 and o?
7
Suppose 4*m - f = -64, 5*m + 95 = -0*m + 5*f. Suppose 1726*g = 1733*g - 28. Let l = g - m. What is the greatest common divisor of 76 and l?
19
Let y be (-2)/(-7) + 574/49. Let w be (54 + 18)*(-1)/(-2). What is the greatest common factor of w and y?
12
Suppose 5*p - 316 - 384 = 0. Suppose 2*n + 3 = 3*n. Suppose p = k + n*k. What is the highest common factor of 5 and k?
5
Let n = 591 + 599. Calculate the greatest common factor of 70 and n.
70
Suppose 69 = 3*p + 33. Suppose 0 = -2*o + 1 + 47. Calculate the highest common divisor of p and o.
12
Let w(j) = j**3 - 15*j**2 + 13*j + 76. Let r be w(14). What is the highest common factor of 310 and r?
62
Suppose j - 104 = 4*q, -2*j + j + 108 = -2*q. What is the highest common factor of j and 14?
14
Suppose -1009 = -4*c - 3*b, -15*c - 250 = -16*c - 3*b. Calculate the highest common factor of c and 23.
23
Let g be (-1)/(-2) - 9/(-6). Let m be (-5)/5*(g + -1). Let s(j) = -15*j - 2. Let z be s(m). Calculate the greatest common divisor of 65 and z.
13
Let m = 28 - 14. Let q(l) = -14*l + 9. Let i be q(-1). Let b = i - m. What is the highest common divisor of 18 and b?
9
Let s = 676 + -562. What is the greatest common factor of 152 and s?
38
Let q be (-8)/(-5 + 9) + 8 + -4. What is the highest common factor of q and 178?
2
Let w be 9/6*(-4)/3. Let a be (-1 + w)*(-44)/12. Suppose 3*o - 15 - 146 = -2*s, -5*s = 5*o - 265. What is the highest common divisor of a and o?
11
Let d = -428 + 596. What is the highest common factor of 98 and d?
14
Suppose o = -4*o - 65. Let i(b) = -b**2 - 18*b + 12. Let r be i(o). Suppose 0 = -2*h - 2*h + 28. What is the greatest common factor of h and r?
7
Suppose p - 288 = 2*y, -3*p - 4*y + 293 + 601 = 0. Calculate the highest common divisor of 98 and p.
98
Suppose 4 = u, -5*q - 3*u = -2*q - 18. Calculate the greatest common divisor of 10 and q.
2
Suppose k - 4*d - 5 = 0, 5*k + 2*d - 25 = -0*d. Let s be 1/12*10*(-6)/(-20)*20. Calculate the highest common factor of k and s.
5
Let d = 6 - 3. Suppose -d*l = -0 - 9. Let w(p) = p**2 + 26*p - 189. Let z be w(-32). Calculate the greatest common divisor of l and z.
3
Suppose 2*i - 40 - 54 = 0. Let x = i + -44. What is the highest common divisor of 3 and x?
3
Suppose -3*x = -2*c + 49, -2*x - 25 = -2*c - 7*x. Let n be (-112)/6*15/(-2). Calculate the highest common divisor of c and n.
20
Suppose 5*v - 8 = 12. Suppose c = -w + 27, -25 - 53 = -v*c + 2*w. Let g be (-159)/(-33) - (-4)/c. What is the highest common divisor of 55 and g?
5
Suppose 208 - 1930 = -6*g. Calculate the highest common factor of g and 28.
7
Let a(l) = -2. Let w(d) = -d + 7. Suppose 0 = -b - 2*b + 30. Let y(s) = b*a(s) + 2*w(s). Let h be y(-7). What is the greatest common divisor of h and 2?
2
Suppose -3*j + 3 = 3*i, -j - 4*i - 5 = -0. Suppose -j*c = -22 - 20. Let z = 457 - 429. Calculate the greatest common divisor of z and c.
14
Let f = -93 + 107. Calculate the highest common factor of f and 126.
14
Suppose 6 = -3*g + 15. Suppose 3*j - i + 77 = i, 4*j + 102 = g*i. Let k be 6/j + 2477/9. What is the highest common factor of 25 and k?
25
Let d = 25 - -17. Calculate the highest common factor of 168 and d.
42
Let g(w) = w**3 - 6*w**2 + 5*w + 286. Let c be g(0). What is the greatest common factor of 22 and c?
22
Suppose -19 = -d + 94. Let r = 158 - d. Let m = 129 - r. What is the highest common factor of 21 and m?
21
Suppose 4*c - 43 = 37. Let k = 34 - c. Let j be (-2)/(-10) - (1 - 214/5). Calculate the highest common factor of k and j.
14
Let z be (6 + -1819)/7*-1. What is the greatest common factor of z and 74?
37
Let l = 7 - -2. Suppose -3*b + 0*b + l = 0. Suppose -56 = -b*u + 61. What is the highest common factor of u and 13?
13
Suppose -2 = 2*b - 3*b. Let v be -9*(b/(-6) + 0). Suppose 4*f + 12 = -2*z, -v*f = 5*z - 7*z + 16. What is the highest common divisor of z and 5?
1
Suppose -1 = -3*p - 5*t, 14 = 5*p - 2*t - 2*t. Suppose 0 = 2*s + 2*a - 12, 5*s + p*a - 7*a + 20 = 0. Calculate the highest common factor of s and 8.
1
Let g be (-4)/(-34) - 13796/(-68). Let p be -54*(-2)/(-2)*-1. Let b = 83 - p. What is the highest common factor of g and b?
29
Let j be (54/(-36))/((-6)/(-8)). Let h(l) = -l**3 - 3. Let f be h(j). What is the highest common divisor of f and 5?
5
Suppose -s + 4*d + 34 = 0, 3*d + 153 = -s + 6*s. Let g be (-15)/s*(-2 + -178). Let u = 23 - 13. What is the greatest common divisor of u and g?
10
Let c be 942/54*9 - (-4 - 1). Calculate the greatest common factor of c and 6.
6
Suppose -4*k - 10 + 40 = 2*g, 3*k - 5*g = -10. Calcula